- 2. Let l be 78/i + (-9)/(-18). What are the prime factors of ((-20)/6)/(l/399)?
2, 5, 7
Let s be (108/(-16) + 2)*(-19 - 1). Suppose 4*t = -3*b + 3*t + s, 5*b + 2*t - 158 = 0. What are the prime factors of b?
2
Suppose -1002 = -10*i + 78. List the prime factors of (-2 - i*-1) + 4.
2, 5, 11
Suppose 20*j - 3*j = 11356. Let k = j - 475. What are the prime factors of k?
193
Suppose 0 = -5*p - o + 17, o + 1 + 6 = 3*p. Suppose -p*v - 6*l = -l - 26, -3*v + 31 = 4*l. Suppose 0 = 20*g - v*g - 111. What are the prime factors of g?
37
Let y(v) = v**3 + 4*v**2 - 4. Suppose a = -2 - 1. Let m be y(a). Suppose -m*d + 28 = -d. What are the prime factors of d?
7
Let i(s) = -s**2 + 17*s. Suppose 2*r + 5*p - 130 = 0, -3*p + 6*p = -4*r + 246. Suppose -5*v + v + r = 0. List the prime factors of i(v).
2, 3, 5
Let k be 7/35 - 1/5. Suppose k = w - 3*w + 24. Let f = w - 5. What are the prime factors of f?
7
Suppose x = -2*x. Suppose 0 = -x*d + 2*d. Suppose -p = -d*p - 26. What are the prime factors of p?
2, 13
Suppose -36 = -3*b + b - 2*s, -3*s + 12 = b. Let u(o) = o**3 - 20*o**2 - 8*o - 27. List the prime factors of u(b).
2, 3, 41
Let b(f) be the first derivative of -1/2*f**2 - 7*f - 1. List the prime factors of b(-9).
2
Let a be (-2)/(-4)*0 - -9. Let t(g) = 2*g + 6 + 1 + g - a. What are the prime factors of t(2)?
2
Let n(m) = -5*m**3 + 4*m**2 + 6*m + 2. Let d be n(-1). Suppose 6*a = 4*a + 212. Suppose d*c = 124 + a. List the prime factors of c.
2, 23
Suppose -q + 3497 = -6*w - 0*w, 0 = 3*q - 4*w - 10449. List the prime factors of q.
7, 71
Suppose -5*v + 229 = -296. Let x be 1/(1/v*-3). Let z = x + 76. What are the prime factors of z?
41
Let j be (-10*2)/(-2)*24/(-60). Let v(a) = -a**2 - 9*a. List the prime factors of v(j).
2, 5
Let y(q) = -4*q - 159. Let m(l) = -4*l - 161. Let b(x) = -5*m(x) + 4*y(x). List the prime factors of b(0).
13
Let v be 16/(0 - 4) - -7. Suppose f + 29 = 4*u - 6, -u - 5 = -v*f. Suppose g - u = -0. List the prime factors of g.
2, 5
Let g(w) = -w**2 + 9*w + 4. Let k be g(9). Suppose -k*i + 0*j = -j - 243, -4*i - j + 253 = 0. List the prime factors of i.
2, 31
Let j(z) = -5*z - 44. Let u be 2/6*46*15/(-10). What are the prime factors of j(u)?
71
Let d(l) = 2*l + 46. Let i be d(-21). Suppose 4*z - 764 = i*q, 33 = 3*z + q - 524. List the prime factors of z.
11, 17
Let v be (-4)/16*14*-48. Suppose 0 = 2*c + 5*p - 316, -c - 2*p = 3*p - v. What are the prime factors of c?
2, 37
Let k = -9 + 11. Suppose 17 = k*q - 11. Suppose -2*i + q + 104 = 0. List the prime factors of i.
59
Suppose -2*t = 2*j - 28, 0 = 2*j - 2*t - 24. Suppose 0 = -j*g + 16 + 10. List the prime factors of g.
2
Let q = 119 + -119. Suppose -84*p + 87*p - 426 = q. List the prime factors of p.
2, 71
Suppose 74*q = 83*q - 2475. List the prime factors of q.
5, 11
Suppose 0 = s + 10 + 7. Let o = s + 21. What are the prime factors of 2/o - 102/(-4)?
2, 13
Suppose -4*x + 40 + 64 = 0. List the prime factors of -79*((-22)/x + 10/(-65)).
79
Let b = -49 - -73. Let t = b - 0. List the prime factors of t.
2, 3
Let i be (-3 - 1*12/(-3))*-5. Let z(m) = 6*m**2 + 4*m - 2. List the prime factors of z(i).
2
Let o(p) = 24*p + 31. Let y(r) = 23*r + 32. Let m(q) = -3*o(q) + 2*y(q). List the prime factors of m(-5).
101
Let a(x) be the second derivative of 0 - 3/2*x**2 + 13/12*x**4 - 1/2*x**3 - 3*x. What are the prime factors of a(-2)?
5, 11
Let m(z) = 25*z**2 - 4*z + 4. What are the prime factors of m(6)?
2, 5, 11
Let q = 17 + -25. Suppose -21 + 9 = -3*p. List the prime factors of p*(-6)/q*1.
3
What are the prime factors of 12/(-42) - 7408/(-7)?
2, 23
Let a(k) = -210*k + 94. List the prime factors of a(-8).
2, 887
What are the prime factors of (6 - 7)*(-1682)/2?
29
Let r be 2*9*1/(-2). List the prime factors of (6/r)/(1/(-96)).
2
Suppose -31*n + 34477 = -8*n. List the prime factors of n.
1499
Suppose -2*k + 11 - 33 = 0. Let l(w) = 2*w - 10. Let y(h) = -4*h + 19. Let s(t) = k*l(t) - 6*y(t). List the prime factors of s(10).
2
Suppose 1 = -i, -5*i = -4*g - 2*i + 2939. Let a = -522 + g. What are the prime factors of a?
2, 53
Let i be 9/6*104/6. Suppose 4*j = i + 14. Suppose 0*o = 3*b + 5*o - 6, -o = -b + j. What are the prime factors of b?
7
Let u(h) = h**3 - 30*h + 23. List the prime factors of u(8).
5, 59
Suppose 0 = 20*o - 12*o - 496. Suppose o*r - 61*r - 174 = 0. List the prime factors of r.
2, 3, 29
Let z(c) = -c**3 + c**2 + c + 11. Let w be z(0). Let y = w - 14. What are the prime factors of 4 + -4 - (y + 1)?
2
Suppose 0 = 2*v + 2*m - 1110, m - 2772 = -5*v - 3*m. Suppose -2*c - 2*c = -v. Suppose 2*y - 3*s = 5*y - c, 3*y - 108 = 3*s. What are the prime factors of y?
41
Suppose -5 + 8 = x. Suppose x*b - 184 = -b. Suppose -2*h = 6 - b. List the prime factors of h.
2, 5
Let o(l) be the first derivative of l**4/4 + 5*l**3 + l**2/2 + 15*l + 3. Let y be o(-15). Suppose -12 = -2*i - y*i. List the prime factors of i.
2, 3
List the prime factors of (3916 - 0) + 62 + -64.
2, 19, 103
Suppose 19*g - 5880 = -5*g. Suppose 5*p + 165 = 4*p. Let c = p + g. What are the prime factors of c?
2, 5
Let f(y) = -y**3 + 2*y**2 - 4*y - 2. Let w be f(6). Let n = w - -263. List the prime factors of n.
3, 31
Let o = -493 - -495. Let v = 10 - 7. Suppose -4*g + o*s = -294, 0*s + 3*s - 243 = -v*g. List the prime factors of g.
2, 19
Let o = -21 - -32. Let p be (-14)/(-2) - (-10 + o). Let t = 0 + p. What are the prime factors of t?
2, 3
Suppose 4*p + 3716 = 8*p + 4*l, -3*p + 2791 = 4*l. What are the prime factors of p?
5, 37
Let a(s) = 15*s**2 + 7*s - 14. Let y be a(7). Suppose 5*k + 170 = y. Suppose -i - k = -6*i. List the prime factors of i.
2, 3
Let v(o) = o**3 + 10*o**2 + 17*o + 12. Let x be v(-8). Let c(d) = 28*d - 5. What are the prime factors of c(x)?
107
Suppose -3*c + 45 = 3*r, 5*r - 7*c + 4*c = 51. Suppose -8*n + 9*n = r. List the prime factors of n.
2, 3
Suppose -c + 1 = m, -5*m - c - 3 - 4 = 0. List the prime factors of (-55)/m + (-42)/28.
2, 13
Let r = 25 - 19. Suppose r*l - 2*l - 32 = 2*q, 2*l - 4*q = 10. Let w(z) = 2*z**2 - 13*z - 3. List the prime factors of w(l).
2, 3, 7
Let a(y) = 81*y**2 - 63*y**2 - 3 + 6 + 4*y. List the prime factors of a(-2).
67
Let q(j) = 2*j**2 - 4*j + 5. Let l be q(-8). Suppose 52*u - 57*u + l = 0. What are the prime factors of u?
3, 11
Let o(m) = -m - 6. Let j be o(-11). Suppose -4*v = 5*s + 35, j*v = -0*v. List the prime factors of (-4)/(-14) + (-124)/s.
2, 3
Let x be (2/5)/(16/320). Suppose 508 = x*z - 164. What are the prime factors of z?
2, 3, 7
Let y(b) = 0*b + 4*b + b**2 - 4*b. Let g be y(0). Suppose 36 = 3*s + 3*f, g = -4*s + 3*s + 4*f + 12. List the prime factors of s.
2, 3
Let l be 1/4 - 27/(-4). Let w = l + -3. Suppose w*v - 17 = -1. List the prime factors of v.
2
Suppose 0 = -3*v + 2*l - 5*l + 1146, -4*v = l - 1519. List the prime factors of v.
379
Let p be -1 + 2 + 9 + -11. Let a = p + 6. Suppose 2*n - u - 2 = n, a*u = -5*n + 30. What are the prime factors of n?
2
Let d = -10 + 15. Suppose 2*x - w - 198 = 2*w, 2*w = d*x - 495. Let s = x - 57. What are the prime factors of s?
2, 3, 7
Suppose -t = 3*t - 20. List the prime factors of 8 + (4 - t)*-2.
2, 5
Suppose -4*o + 250 = o. Let c = -80 + o. List the prime factors of (c/(-25))/((-1)/(-15)).
2, 3
Let n = 0 - -4. Let p = n - -1. Suppose 0 = h - 3*k - 29, -h + 4 = p*k - 17. List the prime factors of h.
2, 13
Suppose 0 = -3*q + 5*q - 6. What are the prime factors of 1/(-3)*2 - (-341)/q?
113
Let v(l) = -l**2 + 2*l + 7. Suppose -4*p + 4 = -3*p. Let y(o) = -o**2 + 6*o - 5. Let u be y(p). What are the prime factors of v(u)?
2
Suppose 0 = 3*n - 0*m + 3*m, 0 = -3*n + 5*m + 24. Suppose 0 = -4*z - 1 - 15, 4*u + n*z - 512 = 0. List the prime factors of u.
131
Suppose 3*k - 66 = -4*y + y, 5*k - 72 = -3*y. Let t = 45 - y. List the prime factors of t.
2, 13
Let i(a) = 16*a**2 + 8*a + 2. Let f be i(-3). Suppose 0 = 2*k + 6 - f. What are the prime factors of k?
2, 29
Suppose 2*m - 65 = p, -3*m + 2*p = 4*p - 87. Let a = 45 - m. List the prime factors of a.
2, 7
Suppose k - 14 = -9. List the prime factors of 38 - 1 - (k + -7).
3, 13
Suppose 0 = 5*u - 11*u + 18. Suppose 293 = u*k - 94. List the prime factors of k.
3, 43
Suppose 0 = -3*x + 419 + 223. Let n = x - 76. What are the prime factors of n?
2, 3, 23
Let w be 1 - (-46 - 3 - 3). Suppose -2*y - 5*